{"id":224,"date":"2025-08-31T10:01:34","date_gmt":"2025-08-31T08:01:34","guid":{"rendered":"https:\/\/www.grand-rechain.be\/shopgr\/?post_type=product&#038;p=224"},"modified":"2026-08-25T20:58:02","modified_gmt":"2026-08-25T18:58:02","slug":"chalet-pour-vente-de-nourriture-et-ou-de-boissons-a-consommer-sur-place","status":"publish","type":"product","link":"https:\/\/www.grand-rechain.be\/shopgr\/produit\/chalet-pour-vente-de-nourriture-et-ou-de-boissons-a-consommer-sur-place\/","title":{"rendered":"Package pour vente de nourriture et\/ou de boissons \u00e0 consommer sur place"},"content":{"rendered":"<p>Location d&rsquo;un chalet pour vente de nourriture et\/ou de boissons \u00e0 consommer sur place (Bar, pizza, hamburger,&#8230;) sur le march\u00e9 de No\u00ebl de Grand-Rechain<\/p>\n<p>Le package comprend :<br \/>\n\u2013 La mise \u00e0 disposition d\u2019un chalet.<br \/>\n\u2013 La mise \u00e0 disposition d\u2019un raccordement \u00e9lectrique de 16A y compris l\u2019\u00e9lectricit\u00e9 consomm\u00e9e.<br \/>\n\u2013 La promotion de l\u2019\u00e9v\u00e8nement (r\u00e9seau-sociaux, mailing, affiches, toutes-bo\u00eetes, banni\u00e8res, presse \u00e9crite, presse radio,\u2026).<br \/>\n\u2013 La mise \u00e0 disposition de toilettes.<br \/>\n\u2013 La sonorisation du site et la mise en place d\u2019animations musicales (DJ, concerts,\u2026) durant l\u2019\u00e9v\u00e8nement.<br \/>\n\u2013 La d\u00e9coration g\u00e9n\u00e9rale du march\u00e9 de no\u00ebl (\u00e9clairage des fa\u00e7ades, sapins,\u2026). La d\u00e9coration des chalets est \u00e0 charge de l\u2019exposant.<br \/>\n\u2013 La mise \u00e0 disposition d\u2019une garderie et d\u2019un ch\u00e2teau gonflable pour les enfants des visiteurs.<br \/>\n\u2013 L\u2019organisation de la venue de P\u00e8re No\u00ebl sur le march\u00e9 et distribution de friandises.<\/p>\n<p>Une caution de 100 \u20ac\/chalet vous sera demand\u00e9e. Cette derni\u00e8re est \u00e0 payer au moment de l\u2019inscription.<\/p>\n","protected":false},"excerpt":{"rendered":"<p>dans un chalet sur le march\u00e9 de No\u00ebl de Grand-Rechain<\/p>\n","protected":false},"featured_media":222,"template":"","meta":{"ocean_front_end_style_editor":"no","ocean_post_layout":"","ocean_both_sidebars_style":"","ocean_both_sidebars_content_width":0,"ocean_both_sidebars_sidebars_width":0,"ocean_sidebar":"0","ocean_second_sidebar":"0","ocean_disable_margins":"enable","ocean_add_body_class":"","ocean_shortcode_before_top_bar":"","ocean_shortcode_after_top_bar":"","ocean_shortcode_before_header":"","ocean_shortcode_after_header":"","ocean_has_shortcode":"","ocean_shortcode_after_title":"","ocean_shortcode_before_footer_widgets":"","ocean_shortcode_after_footer_widgets":"","ocean_shortcode_before_footer_bottom":"","ocean_shortcode_after_footer_bottom":"","ocean_display_top_bar":"default","ocean_display_header":"default","ocean_header_style":"","ocean_center_header_left_menu":"0","ocean_custom_header_template":"0","ocean_custom_logo":0,"ocean_custom_retina_logo":0,"ocean_custom_logo_max_width":0,"ocean_custom_logo_tablet_max_width":0,"ocean_custom_logo_mobile_max_width":0,"ocean_custom_logo_max_height":0,"ocean_custom_logo_tablet_max_height":0,"ocean_custom_logo_mobile_max_height":0,"ocean_header_custom_menu":"0","ocean_menu_typo_font_family":"0","ocean_menu_typo_font_subset":"","ocean_menu_typo_font_size":0,"ocean_menu_typo_font_size_tablet":0,"ocean_menu_typo_font_size_mobile":0,"ocean_menu_typo_font_size_unit":"px","ocean_menu_typo_font_weight":"","ocean_menu_typo_font_weight_tablet":"","ocean_menu_typo_font_weight_mobile":"","ocean_menu_typo_transform":"","ocean_menu_typo_transform_tablet":"","ocean_menu_typo_transform_mobile":"","ocean_menu_typo_line_height":0,"ocean_menu_typo_line_height_tablet":0,"ocean_menu_typo_line_height_mobile":0,"ocean_menu_typo_line_height_unit":"","ocean_menu_typo_spacing":0,"ocean_menu_typo_spacing_tablet":0,"ocean_menu_typo_spacing_mobile":0,"ocean_menu_typo_spacing_unit":"","ocean_menu_link_color":"","ocean_menu_link_color_hover":"","ocean_menu_link_color_active":"","ocean_menu_link_background":"","ocean_menu_link_hover_background":"","ocean_menu_link_active_background":"","ocean_menu_social_links_bg":"","ocean_menu_social_hover_links_bg":"","ocean_menu_social_links_color":"","ocean_menu_social_hover_links_color":"","ocean_disable_title":"default","ocean_disable_heading":"default","ocean_post_title":"","ocean_post_subheading":"","ocean_post_title_style":"","ocean_post_title_background_color":"","ocean_post_title_background":0,"ocean_post_title_bg_image_position":"","ocean_post_title_bg_image_attachment":"","ocean_post_title_bg_image_repeat":"","ocean_post_title_bg_image_size":"","ocean_post_title_height":0,"ocean_post_title_bg_overlay":0.5,"ocean_post_title_bg_overlay_color":"","ocean_disable_breadcrumbs":"default","ocean_breadcrumbs_color":"","ocean_breadcrumbs_separator_color":"","ocean_breadcrumbs_links_color":"","ocean_breadcrumbs_links_hover_color":"","ocean_display_footer_widgets":"default","ocean_display_footer_bottom":"default","ocean_custom_footer_template":"0"},"product_brand":[],"product_cat":[26],"product_tag":[],"class_list":["post-224","product","type-product","status-publish","has-post-thumbnail","product_cat-marche-de-noel","entry","has-media","first","instock","virtual","taxable","purchasable","product-type-simple","col","span_1_of_4","owp-content-center","item-entry","owp-thumbs-layout-vertical","owp-btn-very-big","owp-tabs-layout-horizontal","has-no-thumbnails"],"_links":{"self":[{"href":"https:\/\/www.grand-rechain.be\/shopgr\/wp-json\/wp\/v2\/product\/224","targetHints":{"allow":["GET"]}}],"collection":[{"href":"https:\/\/www.grand-rechain.be\/shopgr\/wp-json\/wp\/v2\/product"}],"about":[{"href":"https:\/\/www.grand-rechain.be\/shopgr\/wp-json\/wp\/v2\/types\/product"}],"wp:featuredmedia":[{"embeddable":true,"href":"https:\/\/www.grand-rechain.be\/shopgr\/wp-json\/wp\/v2\/media\/222"}],"wp:attachment":[{"href":"https:\/\/www.grand-rechain.be\/shopgr\/wp-json\/wp\/v2\/media?parent=224"}],"wp:term":[{"taxonomy":"product_brand","embeddable":true,"href":"https:\/\/www.grand-rechain.be\/shopgr\/wp-json\/wp\/v2\/product_brand?post=224"},{"taxonomy":"product_cat","embeddable":true,"href":"https:\/\/www.grand-rechain.be\/shopgr\/wp-json\/wp\/v2\/product_cat?post=224"},{"taxonomy":"product_tag","embeddable":true,"href":"https:\/\/www.grand-rechain.be\/shopgr\/wp-json\/wp\/v2\/product_tag?post=224"}],"curies":[{"name":"wp","href":"https:\/\/api.w.org\/{rel}","templated":true}]}}

Package pour vente de nourriture et/ou de boissons à consommer sur place

<p>Location d&rsquo;un chalet pour vente de nourriture et/ou de boissons à consommer sur place (Bar, pizza, hamburger,&#8230;) sur le marché de Noël de Grand-Rechain</p>
<p>Le package comprend :<br />
– La mise à disposition d’un chalet.<br />
– La mise à disposition d’un raccordement électrique de 16A y compris l’électricité consommée.<br />
– La promotion de l’évènement (réseau-sociaux, mailing, affiches, toutes-boîtes, bannières, presse écrite, presse radio,…).<br />
– La mise à disposition de toilettes.<br />
– La sonorisation du site et la mise en place d’animations musicales (DJ, concerts,…) durant l’évènement.<br />
– La décoration générale du marché de noël (éclairage des façades, sapins,…). La décoration des chalets est à charge de l’exposant.<br />
– La mise à disposition d’une garderie et d’un château gonflable pour les enfants des visiteurs.<br />
– L’organisation de la venue de Père Noël sur le marché et distribution de friandises.</p>
<p>Une caution de 100 €/chalet vous sera demandée. Cette dernière est à payer au moment de l’inscription.</p>

<p>dans un chalet sur le marché de Noël de Grand-Rechain</p>
